 is 299 - -14d?
3e6
In base 4, what is -11 + -121322000?
-121322011
In base 13, what is -4 + -84392?
-84396
In base 2, what is 1100110100111 - 1?
1100110100110
In base 11, what is -10 + -15a43?
-15a53
In base 8, what is 0 + 63443?
63443
In base 3, what is 101 - 102120102210?
-102120102102
In base 4, what is 1230 - 113333?
-112103
In base 4, what is -302 + 101330020?
101323112
In base 8, what is -4 - 1420553?
-1420557
In base 5, what is 3 - 32022?
-32014
In base 16, what is fc3c + d?
fc49
In base 6, what is 4422 + -5?
4413
In base 9, what is -886 - 32?
-1028
In base 4, what is 10121 + 1101?
11222
In base 3, what is 111221012102 + -2?
111221012100
In base 7, what is -20334 + 34?
-20300
In base 14, what is 1 + 43c47?
43c48
In base 3, what is -10 - 1202022?
-1202102
In base 11, what is -225 + -12a2?
-1517
In base 5, what is 24020 - 341?
23124
In base 9, what is -174828 - -5?
-174823
In base 12, what is 4 + -2621?
-2619
In base 15, what is 43ee + -19?
43d5
In base 6, what is 213 + -42041?
-41424
In base 3, what is 11102 - -110110000?
110121102
In base 12, what is -93214 + 0?
-93214
In base 6, what is 53 + 555230?
555323
In base 10, what is 145916 + 4?
145920
In base 3, what is -2002220111 + -2?
-2002220120
In base 5, what is -11020 - -4321?
-1144
In base 3, what is -21 - 1111122100?
-1111122121
In base 8, what is -231 + 2124?
1673
In base 8, what is -12542 - -10?
-12532
In base 12, what is -3 - 1907b?
-19082
In base 11, what is 0 - 7053?
-7053
In base 3, what is 20122021022 - 11?
20122021011
In base 10, what is 773 + 66?
839
In base 13, what is 803 + -5b6?
21a
In base 12, what is -74 + -77?
-12b
In base 6, what is 1 - -10123002?
10123003
In base 11, what is 360 + 12?
372
In base 9, what is -1133431 + -2?
-1133433
In base 2, what is -1110 - -110101100011000?
110101100001010
In base 15, what is -254 - -32?
-222
In base 2, what is -101110110111 + -110100?
-101111101011
In base 15, what is -2 - b253e?
-b2541
In base 8, what is 3447 + 12?
3461
In base 2, what is -10101 - -100101110110?
100101100001
In base 4, what is -11022300023 + 1?
-11022300022
In base 8, what is 654073 + 1?
654074
In base 12, what is -1 - -5122?
5121
In base 10, what is -599 - 9654?
-10253
In base 6, what is 225353 + 223?
230020
In base 3, what is 110211102012201 - -11?
110211102012212
In base 15, what is 4 - 1d01e?
-1d01a
In base 10, what is 7 - -5386?
5393
In base 4, what is -1 - -10032023?
10032022
In base 6, what is -53144425 + 0?
-53144425
In base 12, what is -17 + -3328?
-3343
In base 15, what is 346 - 1c3?
173
In base 11, what is -2 + 1897?
1895
In base 7, what is 10005565 + 5?
10005603
In base 13, what is 65725 + 4?
65729
In base 12, what is 1 - 10992?
-10991
In base 10, what is -1 + 410041?
410040
In base 12, what is 5 + 10?
15
In base 7, what is -20 - 1205450?
-1205500
In base 14, what is 0 + -25a694?
-25a694
In base 11, what is 17a967 + -3?
17a964
In base 7, what is -31110 + 3?
-31104
In base 14, what is -5 - cd45?
-cd4a
In base 10, what is 2 + 2552?
2554
In base 10, what is -10 + 2636?
2626
In base 13, what is 75c + -43?
719
In base 16, what is 7 + 1f6?
1fd
In base 3, what is 20021201121 + 12?
20021201210
In base 3, what is -1221210210 - -1112?
-1221202021
In base 7, what is -6362522 - -5?
-6362514
In base 16, what is 41d - -1c?
439
In base 15, what is 5 - 520ab?
-520a6
In base 9, what is -1057 - 2815?
-3873
In base 15, what is -4558 - -a?
-454d
In base 4, what is -102320 - 13223?
-122203
In base 5, what is -11 + 34342443?
34342432
In base 13, what is -4 - -30ca?
30c6
In base 5, what is 144004122 + -2?
144004120
In base 9, what is -26182 + 17?
-26164
In base 14, what is -1a2745 + 1?
-1a2744
In base 11, what is 298 + 583?
870
In base 13, what is 3472 + -1?
3471
In base 12, what is -382 + -bb?
-481
In base 6, what is 321522 - 3?
321515
In base 7, what is 2042 - -11403?
13445
In base 6, what is 4452 + -2502?
1550
In base 8, what is 414 + 45?
461
In base 13, what is -11 - -41b9?
41a8
In base 15, what is 90 + b0?
150
In base 12, what is -31ab49 - 1?
-31ab4a
In base 9, what is 2 + 415423?
415425
In base 4, what is 10220321 + -113?
10220202
In base 7, what is -13 - 110564?
-110610
In base 13, what is 172918 + 5?
172920
In base 12, what is -122 + 3899?
3777
In base 3, what is 11220020122 - -201?
11220021100
In base 12, what is -22 + b6?
94
In base 2, what is -100001111100010100 - 101?
-100001111100011001
In base 9, what is -101664 - 43?
-101717
In base 2, what is 1010001100 + 100011111?
1110101011
In base 10, what is -509 - 322?
-831
In base 11, what is -21 - -14329?
14308
In base 16, what is f4 - -92c?
a20
In base 13, what is 6 + -346a?
-3464
In base 7, what is -12231 - 1261?
-13522
In base 5, what is -12 + 40314324?
40314312
In base 2, what is -1000 + -1001011101111110011?
-1001011101111111011
In base 11, what is 22 + -267?
-245
In base 8, what is -14706 - -33?
-14653
In base 13, what is -5 - 9cc9?
-a001
In base 5, what is 23 + 104210?
104233
In base 10, what is -73 + 13803?
13730
In base 13, what is -2 + 3347?
3345
In base 9, what is -15 + -1050?
-1065
In base 3, what is 11002 + 1200001111?
1200012120
In base 13, what is -14 + -43363?
-43377
In base 10, what is -335517 + 1?
-335516
In base 9, what is 1155 - 404?
651
In base 10, what is 546499 - 2?
546497
In base 13, what is -2 + -159a?
-159c
In base 12, what is -79110 - a?
-7911a
In base 3, what is -1122 - -1220?
21
In base 4, what is 31021121200 + 11?
31021121211
In base 14, what is 5c80 - -3?
5c83
In base 10, what is -471 + 18?
-453
In base 3, what is 22210 + -201112?
-101202
In base 9, what is 865 + 530?
1505
In base 3, what is -2 + -10212002102?
-10212002111
In base 5, what is -4234 + 4411?
122
In base 8, what is -426 - 211?
-637
In base 16, what is 1228 - a?
121e
In base 2, what is 1000 - 110000?
-101000
In base 8, what is 3 + -2336?
-2333
In base 6, what is 5202 + 32?
5234
In base 14, what is 13117 + -1?
13116
In base 11, what is 151 + -394?
-243
In base 9, what is -46 - 2112?
-2158
In base 8, what is -2462 + 706?
-1554
In base 7, what is -3451 - -1204?
-2244
In base 4, what is -3 + -23303322?
-23303331
In base 7, what is -533 + -1664?
-2530
In base 5, what is -30133312 - -41?
-30133221
In base 5, what is -44232111 + -2?
-44232113
In base 15, what is 788 + 8?
791
In base 6, what is 1 - 40104?
-40103
In base 2, what is 11010010000 - -10000?
11010100000
In base 3, what is 12 + -1102022212221?
-1102022212202
In base 9, what is -113 + 601?
477
In base 7, what is 50 + 2364?
2444
In base 7, what is -6 + -461644?
-461653
In base 13, what is -7b40 + 3a?
-7b03
In base 12, what is 33 - -123?
156
In base 5, what is -200014 + -444?
-201013
In base 3, what is 12002201011 - -10?
12002201021
In base 13, what is -4 - -3a5b1?
3a5aa
In base 11, what is -4 - -41559?
41555
In base 12, what is -14839 - 8?
-14845
In base 13, what is -1729 - 15?
-1741
In base 9, what is -3 + -327271?
-327274
In base 15, what is -1 + -14218?
-14219
In base 11, what is -344 - -6?
-339
In base 9, what is 10240 + 11?
10251
In base 11, what is 0 + aa1885?
aa1885
In base 7, what is -4454 + -1?
-4455
In base 6, what is 350 + 143005?
143355
In base 3, what is 2220 - 202022102?
-202012112
In base 16, what is 5e06 - 4?
5e02
In base 10, what is -4953 + 5?
-4948
In base 5, what is -301040 - -2?
-301033
In base 8, what is 20670301 + 0?
20670301
In base 5, what is -2 - -104012442?
104012440
In base 15, what is 5 - 31ee?
-31e9
In base 5, what is -3 + 43124033?
43124030
In base 16, what is -17b4 - 2?
-17b6
In base 12, what is 5 - 19?
-14
In base 13, what is 3 - -11434?
11437
In base 6, what is 135 - 305?
-130
In base 13, what is -4 - 115204?
-115208
In base 8, what is 47 - -1562?
1631
In base 12, what is 2170 - -6?
2176
In base 6, what is -255421 + -3?
-255424
In base 5, what is 4 - -104402324?
104402333
In base 10, what is 2 + 10068?
10070
In base 12, what is -106705 - -8?
-1066b9
In base 6, what is -2351 + -30330?
-33121
In base 16, what is -88f51e + -3?
-88f521
In base 3, what is -201222 - 220211?
-1122210
In base 5, what is 24403 - -1044?
31002
In base 6, what is 1540 + -42?
1454
In base 10, what is -3089 - -857?
-2232
In base 9, what is 33 - 8355?
-8322
In base 8, what is -12 - -7543?
7531
In base 9, what is 1567 + -24?
1543
In base 2, what is 1010111 + 101?
101110